{"id":524,"date":"2021-04-28T10:39:47","date_gmt":"2021-04-28T08:39:47","guid":{"rendered":"https:\/\/bezop.eu\/?page_id=524"},"modified":"2021-04-28T11:01:44","modified_gmt":"2021-04-28T09:01:44","slug":"pergole","status":"publish","type":"page","link":"https:\/\/bezop.eu\/index.php\/produkty\/pergole\/","title":{"rendered":"Pergole"},"content":{"rendered":"<div   data-size='featured_large'  data-lightbox_size='large'  data-animation='fade'  data-conditional_play=''  data-ids='529'  data-video_counter='0'  data-autoplay='true'  data-bg_slider='false'  data-slide_height=''  data-handle='av_slideshow'  data-interval='5'  data-class=' avia-builder-el-0  el_before_av_one_full  avia-builder-el-first  '  data-el_id=''  data-css_id=''  data-scroll_down=''  data-control_layout='av-control-hidden'  data-custom_markup=''  data-perma_caption=''  data-autoplay_stopper=''  data-image_attachment=''  data-min_height='0px'  data-lazy_loading='disabled'  data-default-height='42'  class='avia-slideshow avia-slideshow-1  av-control-hidden av-default-height-applied avia-slideshow-featured_large av_slideshow  avia-builder-el-0  el_before_av_one_full  avia-builder-el-first   avia-fade-slider '  itemprop=\"image\" itemscope=\"itemscope\" itemtype=\"https:\/\/schema.org\/ImageObject\" ><ul class='avia-slideshow-inner ' style='padding-bottom: 42%;' ><li  class=' av-single-slide slide-1 ' ><div data-rel='slideshow-1' class='avia-slide-wrap '   ><img decoding=\"async\" class=\"wp-image-529 avia-img-lazy-loading-not-529\"  src=\"https:\/\/bezop.eu\/wp-content\/uploads\/2021\/04\/classic7-1500x630.jpg\" width=\"1500\" height=\"630\" title='classic7' alt=''  itemprop=\"thumbnailUrl\"   \/><\/div><\/li><\/ul><\/div>\n<div class=\"flex_column av_one_full  av-animated-generic bottom-to-top  flex_column_div av-zero-column-padding first  avia-builder-el-1  el_after_av_slideshow  el_before_av_one_half  \" style='margin-top:0px; margin-bottom:0px; border-radius:0px; '><p><div  style='padding-bottom:0px; ' class='av-special-heading av-special-heading-h2  blockquote modern-quote  avia-builder-el-2  el_before_av_hr  avia-builder-el-first  '><h2 class='av-special-heading-tag '  itemprop=\"headline\"  >Pergole<\/h2><div class='special-heading-border'><div class='special-heading-inner-border' ><\/div><\/div><\/div><br \/>\n<div  style=' margin-top:10px; margin-bottom:10px;'  class='hr hr-custom hr-left hr-icon-no   avia-builder-el-3  el_after_av_heading  avia-builder-el-last '><span class='hr-inner  inner-border-av-border-fat' style=' width:50px; border-color:#efbb20;' ><span class='hr-inner-style'><\/span><\/span><\/div><\/p><\/div><div class=\"flex_column av_one_half  av-animated-generic bottom-to-top  flex_column_div av-zero-column-padding first  avia-builder-el-4  el_after_av_one_full  el_before_av_one_half  column-top-margin\" style='margin-top:0px; margin-bottom:0px; border-radius:0px; '><section class=\"av_textblock_section \"  itemscope=\"itemscope\" itemtype=\"https:\/\/schema.org\/CreativeWork\" ><div class='avia_textblock  '   itemprop=\"text\" ><p>Pergole i zadaszenia ALUMINCO stanowi\u0105 doskona\u0142y dodatek do r\u00f3\u017cnego rodzaju otwartych i prywatnych przestrzeni, zar\u00f3wno przy budynkach mieszkalnych, jak i komercyjnych. Wykonane w ca\u0142o\u015bci z aluminium i \u0142atwe w monta\u017cu, zapewniaj\u0105 one wysok\u0105 jako\u015b\u0107 i poczucie bezpiecze\u0144stwa bez kompromis\u00f3w w kwestii wygody i stylu. Swoim niezwyk\u0142ym designem i szerok\u0105 gam\u0105 kolor\u00f3w potrafi\u0105 przemieni\u0107 wyblak\u0142e miejsca w pi\u0119kne, otwarte przestrzenie. Dost\u0119pne r\u00f3wnie\u017c rozwi\u0105zania w pe\u0142ni szyte na miar\u0119<br \/>\nTradycyjna pergola mo\u017ce by\u0107 zamontowana na dowolnym budynku, natychmiast nadaj\u0105c mu klasycznego wygl\u0105du. Pergole takie s\u0105 odporne na warunki pogodowe, \u0142atwe w monta\u017cu i praktycznie bezobs\u0142ugowe. Dost\u0119pne s\u0105 wyko\u0144czenia malowaniem proszkowym w r\u00f3\u017cnych kolorach certyfikowanych do u\u017cytku na obszarach nadmorskich oraz w imitacji rozmaitych gatunk\u00f3w drewna.<\/p>\n<\/div><\/section><\/div><div class=\"flex_column av_one_half  av-animated-generic bottom-to-top  flex_column_div av-zero-column-padding   avia-builder-el-6  el_after_av_one_half  el_before_av_one_full  column-top-margin\" style='margin-top:0px; margin-bottom:0px; border-radius:0px; '><div  class='avia-image-container  av-styling-no-styling    avia-builder-el-7  avia-builder-el-no-sibling  avia-align-center '  itemprop=\"image\" itemscope=\"itemscope\" itemtype=\"https:\/\/schema.org\/ImageObject\"  ><div class='avia-image-container-inner'><div class='avia-image-overlay-wrap'><img decoding=\"async\" class='wp-image-532 avia-img-lazy-loading-not-532 avia_image' src=\"https:\/\/bezop.eu\/wp-content\/uploads\/2021\/04\/PERGOLA_A_DETAIL-300x300.png\" alt='' title='PERGOLA_A_DETAIL' height=\"300\" width=\"300\"  itemprop=\"thumbnailUrl\" srcset=\"https:\/\/bezop.eu\/wp-content\/uploads\/2021\/04\/PERGOLA_A_DETAIL-300x300.png 300w, https:\/\/bezop.eu\/wp-content\/uploads\/2021\/04\/PERGOLA_A_DETAIL-1030x1030.png 1030w, https:\/\/bezop.eu\/wp-content\/uploads\/2021\/04\/PERGOLA_A_DETAIL-80x80.png 80w, https:\/\/bezop.eu\/wp-content\/uploads\/2021\/04\/PERGOLA_A_DETAIL-768x768.png 768w, https:\/\/bezop.eu\/wp-content\/uploads\/2021\/04\/PERGOLA_A_DETAIL-36x36.png 36w, https:\/\/bezop.eu\/wp-content\/uploads\/2021\/04\/PERGOLA_A_DETAIL-180x180.png 180w, https:\/\/bezop.eu\/wp-content\/uploads\/2021\/04\/PERGOLA_A_DETAIL-705x705.png 705w, https:\/\/bezop.eu\/wp-content\/uploads\/2021\/04\/PERGOLA_A_DETAIL.png 1200w\" sizes=\"(max-width: 300px) 100vw, 300px\" \/><\/div><\/div><\/div><\/div><div class=\"flex_column av_one_full  flex_column_div av-zero-column-padding first  avia-builder-el-8  el_after_av_one_half  el_before_av_one_full  column-top-margin\" style='border-radius:0px; '><p><div  style='padding-bottom:0px; ' class='av-special-heading av-special-heading-h2  blockquote modern-quote  avia-builder-el-9  el_before_av_textblock  avia-builder-el-first  '><h2 class='av-special-heading-tag '  itemprop=\"headline\"  >Modern<\/h2><div class='special-heading-border'><div class='special-heading-inner-border' ><\/div><\/div><\/div><br \/>\n<section class=\"av_textblock_section \"  itemscope=\"itemscope\" itemtype=\"https:\/\/schema.org\/CreativeWork\" ><div class='avia_textblock  '   itemprop=\"text\" ><p>Bardziej nowoczesna propozycja aluminiowych pergoli, zaprojektowana jest prostymi, minimalistycznymi liniami, dostosowuj\u0105cymi si\u0119 do wymagaj\u0105cych architektonicznie kszta\u0142t\u00f3w wsp\u00f3\u0142czesnych budynk\u00f3w kieruj\u0105cych si\u0119 zasad\u0105 \u201cmniej znaczy wi\u0119cej\u201d. Dost\u0119pne w szerokiej gamie kolor\u00f3w odpornych na niekorzystne warunki pogodowe, nawet na obszarach nadmorskich.<br \/>\nNowoczesne pergole Modern mog\u0105 by\u0107 wyposa\u017cone w p\u0142yty poliw\u0119glanowe w celu zapewnienia lepszej ochrony przeciwko niekorzystnym warunkom pogodowym. Rozwi\u0105zanie takie doskonale sprawdzi si\u0119 w ogrodach, na basenach, w ogrodach na dachu itp., gdzie wprowadzi szczeg\u00f3ln\u0105 atmosfer\u0119.<\/p>\n<\/div><\/section><\/p><\/div><div class=\"flex_column av_one_full  flex_column_div av-zero-column-padding first  avia-builder-el-11  el_after_av_one_full  el_before_av_one_full  column-top-margin\" style='border-radius:0px; '><div   class=\"togglecontainer   toggle_close_all  avia-builder-el-12  avia-builder-el-no-sibling \" >\n<section class=\"av_toggle_section\"  itemscope=\"itemscope\" itemtype=\"https:\/\/schema.org\/CreativeWork\"  >    <div role=\"tablist\" class=\"single_toggle\" data-tags=\"{Wszystko} \"  >        <p data-fake-id=\"#toggle-id-1\" class=\"toggler \"  itemprop=\"headline\"    role=\"tab\" tabindex=\"0\" aria-controls=\"toggle-id-1\">Z ruchomymi \u017caluzjami<span class=\"toggle_icon\" >        <span class=\"vert_icon\"><\/span><span class=\"hor_icon\"><\/span><\/span><\/p>        <div id=\"toggle-id-1\" class=\"toggle_wrap \"   >            <div class=\"toggle_content invers-color \"  itemprop=\"text\"   ><p>Technologiczny skok naprz\u00f3d dla system\u00f3w zacieniania! Design cechuj\u0105cy si\u0119 wysok\u0105 funkcjonalno\u015bci\u0105 i estetyk\u0105, kt\u00f3ry jednocze\u015bnie daje mo\u017cliwo\u015b\u0107 zdalnej regulacji stopnia zacienienie poprzez ustawienie optymalnego k\u0105ta nachylenia \u017ceber \u017caluzji przy pomocy pilota.<\/p>\n            <\/div>        <\/div>    <\/div><\/section>\n<section class=\"av_toggle_section\"  itemscope=\"itemscope\" itemtype=\"https:\/\/schema.org\/CreativeWork\"  >    <div role=\"tablist\" class=\"single_toggle\" data-tags=\"{Wszystko} \"  >        <p data-fake-id=\"#toggle-id-2\" class=\"toggler \"  itemprop=\"headline\"    role=\"tab\" tabindex=\"0\" aria-controls=\"toggle-id-2\">Ze sta\u0142ymi \u017caluzjami<span class=\"toggle_icon\" >        <span class=\"vert_icon\"><\/span><span class=\"hor_icon\"><\/span><\/span><\/p>        <div id=\"toggle-id-2\" class=\"toggle_wrap \"   >            <div class=\"toggle_content invers-color \"  itemprop=\"text\"   ><p>Elegancja i jako\u015b\u0107. Odmiana stylu Modern w intryguj\u0105cej konfiguracji, w kt\u00f3rej \u017caluzje zamontowane s\u0105 w wybranych cz\u0119\u015bciach ramy, co nadaje pergoli bardziej indywidualnego charakteru. Propozycja dla os\u00f3b poszukuj\u0105cych nieszablonowych rozwi\u0105za\u0144 estetycznych.<\/p>\n            <\/div>        <\/div>    <\/div><\/section>\n<\/div><\/div><div class=\"flex_column av_one_full  flex_column_div av-zero-column-padding first  avia-builder-el-13  el_after_av_one_full  el_before_av_one_full  column-top-margin\" style='border-radius:0px; '><p><div  style='padding-bottom:0px; ' class='av-special-heading av-special-heading-h2  blockquote modern-quote  avia-builder-el-14  el_before_av_textblock  avia-builder-el-first  '><h2 class='av-special-heading-tag '  itemprop=\"headline\"  >Zadaszenia drzwi wej\u015bciowych<\/h2><div class='special-heading-border'><div class='special-heading-inner-border' ><\/div><\/div><\/div><br \/>\n<section class=\"av_textblock_section \"  itemscope=\"itemscope\" itemtype=\"https:\/\/schema.org\/CreativeWork\" ><div class='avia_textblock  '   itemprop=\"text\" ><p>Zadaszenia oferowane przez ALUMINCO stanowi\u0105 doskona\u0142\u0105 ochron\u0119 drzwi wej\u015bciowych do budynk\u00f3w mieszkalnych i komercyjnych przed deszczem i s\u0142o\u0144cem. Wykonane z aluminium, o stylizacji klasycznej lub bardziej nowoczesnej i wyposa\u017cone w p\u0142yty poliw\u0119glanowe Lexan\u00ae, zadaszenia te s\u0105 \u0142atwe w monta\u017cu i nie ingeruj\u0105 w architektoniczn\u0105 form\u0119 budynku.<\/p>\n<p>Dost\u0119pne w czterech pi\u0119knych wersjach oferuj\u0105cych udany maria\u017c pomi\u0119dzy znakomit\u0105 estetyk\u0105 a pragmatyczn\u0105 funkcjonalno\u015bci\u0105.<\/p>\n<\/div><\/section><\/p><\/div><div class=\"flex_column av_one_full  flex_column_div av-zero-column-padding first  avia-builder-el-16  el_after_av_one_full  avia-builder-el-last  column-top-margin\" style='border-radius:0px; '><div  class='avia-button-wrap avia-button-center  avia-builder-el-17  avia-builder-el-no-sibling ' ><a href='https:\/\/bezop.eu\/pergole.pdf'  class='avia-button  avia-color-dark   avia-icon_select-yes-left-icon avia-size-large avia-position-center '  target=\"_blank\"  rel=\"noopener noreferrer\"  ><span class='avia_button_icon avia_button_icon_left ' aria-hidden='true' data-av_icon='\ue84e' data-av_iconfont='entypo-fontello'><\/span><span class='avia_iconbox_title' >Pobierz katalog<\/span><\/a><\/div><\/div><\/p>\n","protected":false},"excerpt":{"rendered":"","protected":false},"author":1,"featured_media":0,"parent":25,"menu_order":0,"comment_status":"closed","ping_status":"closed","template":"","meta":{"footnotes":""},"class_list":["post-524","page","type-page","status-publish","hentry"],"_links":{"self":[{"href":"https:\/\/bezop.eu\/index.php\/wp-json\/wp\/v2\/pages\/524","targetHints":{"allow":["GET"]}}],"collection":[{"href":"https:\/\/bezop.eu\/index.php\/wp-json\/wp\/v2\/pages"}],"about":[{"href":"https:\/\/bezop.eu\/index.php\/wp-json\/wp\/v2\/types\/page"}],"author":[{"embeddable":true,"href":"https:\/\/bezop.eu\/index.php\/wp-json\/wp\/v2\/users\/1"}],"replies":[{"embeddable":true,"href":"https:\/\/bezop.eu\/index.php\/wp-json\/wp\/v2\/comments?post=524"}],"version-history":[{"count":3,"href":"https:\/\/bezop.eu\/index.php\/wp-json\/wp\/v2\/pages\/524\/revisions"}],"predecessor-version":[{"id":533,"href":"https:\/\/bezop.eu\/index.php\/wp-json\/wp\/v2\/pages\/524\/revisions\/533"}],"up":[{"embeddable":true,"href":"https:\/\/bezop.eu\/index.php\/wp-json\/wp\/v2\/pages\/25"}],"wp:attachment":[{"href":"https:\/\/bezop.eu\/index.php\/wp-json\/wp\/v2\/media?parent=524"}],"curies":[{"name":"wp","href":"https:\/\/api.w.org\/{rel}","templated":true}]}}