{"id":140,"date":"2015-10-22T15:32:14","date_gmt":"2015-10-22T13:32:14","guid":{"rendered":"http:\/\/test.kriesi.at\/construction\/?page_id=140"},"modified":"2021-04-28T09:20:50","modified_gmt":"2021-04-28T07:20:50","slug":"bramy","status":"publish","type":"page","link":"https:\/\/bezop.eu\/index.php\/produkty\/bramy\/","title":{"rendered":"Bramy i ogrodzenia"},"content":{"rendered":"<p><div   data-size='featured_large'  data-lightbox_size='large'  data-animation='fade'  data-conditional_play=''  data-ids='492'  data-video_counter='0'  data-autoplay='true'  data-bg_slider='false'  data-slide_height=''  data-handle='av_slideshow'  data-interval='5'  data-class=' avia-builder-el-0  el_before_av_one_full  avia-builder-el-first  '  data-el_id=''  data-css_id=''  data-scroll_down=''  data-control_layout='av-control-hidden'  data-custom_markup=''  data-perma_caption=''  data-autoplay_stopper=''  data-image_attachment=''  data-min_height='0px'  data-lazy_loading='disabled'  data-default-height='42'  class='avia-slideshow avia-slideshow-1  av-control-hidden av-default-height-applied avia-slideshow-featured_large av_slideshow  avia-builder-el-0  el_before_av_one_full  avia-builder-el-first   avia-fade-slider '  itemprop=\"image\" itemscope=\"itemscope\" itemtype=\"https:\/\/schema.org\/ImageObject\" ><ul class='avia-slideshow-inner ' style='padding-bottom: 42%;' ><li  class=' av-single-slide slide-1 ' ><div data-rel='slideshow-1' class='avia-slide-wrap '   ><img decoding=\"async\" class=\"wp-image-492 avia-img-lazy-loading-not-492\"  src=\"https:\/\/bezop.eu\/wp-content\/uploads\/2021\/04\/bramaultra-1500x630.jpg\" width=\"1500\" height=\"630\" title='bramaultra' alt=''  itemprop=\"thumbnailUrl\"   \/><\/div><\/li><\/ul><\/div><br \/>\n<div class=\"flex_column av_one_full  av-animated-generic bottom-to-top  flex_column_div av-zero-column-padding first  avia-builder-el-1  el_after_av_slideshow  el_before_av_one_half  \" style='margin-top:0px; margin-bottom:0px; border-radius:0px; '><p><div  style='padding-bottom:0px; ' class='av-special-heading av-special-heading-h2  blockquote modern-quote  avia-builder-el-2  el_before_av_hr  avia-builder-el-first  '><h2 class='av-special-heading-tag '  itemprop=\"headline\"  >Bramy i ogrodzenia<\/h2><div class='special-heading-border'><div class='special-heading-inner-border' ><\/div><\/div><\/div><br \/>\n<div  style=' margin-top:10px; margin-bottom:10px;'  class='hr hr-custom hr-left hr-icon-no   avia-builder-el-3  el_after_av_heading  avia-builder-el-last '><span class='hr-inner  inner-border-av-border-fat' style=' width:50px; border-color:#efbb20;' ><span class='hr-inner-style'><\/span><\/span><\/div><\/p><\/div><div class=\"flex_column av_one_half  av-animated-generic bottom-to-top  flex_column_div av-zero-column-padding first  avia-builder-el-4  el_after_av_one_full  el_before_av_one_half  column-top-margin\" style='margin-top:0px; margin-bottom:0px; border-radius:0px; '><section class=\"av_textblock_section \"  itemscope=\"itemscope\" itemtype=\"https:\/\/schema.org\/CreativeWork\" ><div class='avia_textblock  '   itemprop=\"text\" ><p>Popraw bezpiecze\u0144stwo i wygl\u0105d swojego domu za pomoc\u0105 naszej bogatej oferty bram i ogrodze\u0144. Dost\u0119pne w wielu stylach i kolorach, bramy i ogrodzenia Aluminco praktycznie nie wymagaj\u0105 konserwacji i nie ulegaj\u0105 degradacji tak jak stal czy drewno! Niezale\u017cnie od tego, czy wybierzesz bram\u0119 z kolekcji o stylistyce klasycznej, czy wsp\u00f3\u0142czesnej \u2013 dzi\u0119ki wysokiej jako\u015bci elementom i malowaniu proszkowemu, wszystkie nasze produkty s\u0105 odporne na niekorzystne warunki pogodowe, nawet na terenach przybrze\u017cnych.<\/p>\n<\/div><\/section><\/div><div class=\"flex_column av_one_half  av-animated-generic bottom-to-top  flex_column_div av-zero-column-padding   avia-builder-el-6  el_after_av_one_half  el_before_av_one_full  column-top-margin\" style='margin-top:0px; margin-bottom:0px; border-radius:0px; '><div  class='avia-image-container  av-styling-no-styling    avia-builder-el-7  avia-builder-el-no-sibling  avia-align-center '  itemprop=\"image\" itemscope=\"itemscope\" itemtype=\"https:\/\/schema.org\/ImageObject\"  ><div class='avia-image-container-inner'><div class='avia-image-overlay-wrap'><img decoding=\"async\" class='wp-image-495 avia-img-lazy-loading-not-495 avia_image' src=\"https:\/\/bezop.eu\/wp-content\/uploads\/2021\/04\/ogrodzenie-1030x728.jpg\" alt='' title='ogrodzenie' height=\"728\" width=\"1030\"  itemprop=\"thumbnailUrl\" srcset=\"https:\/\/bezop.eu\/wp-content\/uploads\/2021\/04\/ogrodzenie-1030x728.jpg 1030w, https:\/\/bezop.eu\/wp-content\/uploads\/2021\/04\/ogrodzenie-300x212.jpg 300w, https:\/\/bezop.eu\/wp-content\/uploads\/2021\/04\/ogrodzenie-768x543.jpg 768w, https:\/\/bezop.eu\/wp-content\/uploads\/2021\/04\/ogrodzenie-1536x1086.jpg 1536w, https:\/\/bezop.eu\/wp-content\/uploads\/2021\/04\/ogrodzenie-1500x1060.jpg 1500w, https:\/\/bezop.eu\/wp-content\/uploads\/2021\/04\/ogrodzenie-260x185.jpg 260w, https:\/\/bezop.eu\/wp-content\/uploads\/2021\/04\/ogrodzenie-705x498.jpg 705w, https:\/\/bezop.eu\/wp-content\/uploads\/2021\/04\/ogrodzenie.jpg 1754w\" sizes=\"(max-width: 1030px) 100vw, 1030px\" \/><\/div><\/div><\/div><\/div><div class=\"flex_column av_one_full  flex_column_div av-zero-column-padding first  avia-builder-el-8  el_after_av_one_half  el_before_av_one_full  column-top-margin\" style='border-radius:0px; '><section class=\"av_textblock_section \"  itemscope=\"itemscope\" itemtype=\"https:\/\/schema.org\/CreativeWork\" ><div class='avia_textblock  '   itemprop=\"text\" ><p>Nowy system zrodzi\u0142 si\u0119 z ch\u0119ci stworzenia wydajnego, funkcjonalnego rozwi\u0105zania monta\u017cowego, kt\u00f3re mo\u017cna b\u0119dzie dostosowa\u0107 \u2013 od ma\u0142ej, prostej furtki do wielkiej przesuwnej bramy. Wszystkie wysokiej jako\u015bci elementy monta\u017cowe \u2013 doskonale ze sob\u0105 dopasowane \u2013 nie tylko zapewniaj\u0105 systemowi skuteczn\u0105 wydajno\u015b\u0107, ale te\u017c wsp\u00f3\u0142graj\u0105 z nim wizualnie.<\/p>\n<\/div><\/section><\/div><div class=\"flex_column av_one_full  flex_column_div av-zero-column-padding first  avia-builder-el-10  el_after_av_one_full  el_before_av_one_full  column-top-margin\" style='border-radius:0px; '><section class=\"av_textblock_section \"  itemscope=\"itemscope\" itemtype=\"https:\/\/schema.org\/CreativeWork\" ><div class='avia_textblock  '   itemprop=\"text\" ><p>Otwierane r\u0119cznie lub automatycznie, lekkie bramy aluminiowe zapewniaj\u0105 najwi\u0119ksz\u0105 \u017cywotno\u015b\u0107 danego systemu dzi\u0119ki mniejszemu zu\u017cyciu komponent\u00f3w, jednocze\u015bnie nie obni\u017caj\u0105c oferowanego poziomu bezpiecze\u0144stwa. Bramy dost\u0119pne s\u0105 w wielu r\u00f3\u017cnych konfiguracjach, np. jako brama g\u0142\u00f3wna, przesuwna brama do podjazdu, czy furtka.<\/p>\n<\/div><\/section><\/div><div class=\"flex_column av_one_full  flex_column_div av-zero-column-padding first  avia-builder-el-12  el_after_av_one_full  el_before_av_one_half  column-top-margin\" style='border-radius:0px; '><section class=\"av_textblock_section \"  itemscope=\"itemscope\" itemtype=\"https:\/\/schema.org\/CreativeWork\" ><div class='avia_textblock  '   itemprop=\"text\" ><p>Nasza oferta ogrodze\u0144 aluminiowych obejmuje m.in. ogrodzenia basenowe, ogrodowe oraz przes\u0142ony zapewniaj\u0105ce prywatno\u015b\u0107. Wszystkie wykonane z wysokiej klasy aluminium i dost\u0119pne w r\u00f3\u017cnych stylach. Pu\u015b\u0107 wodze swojej kreatywno\u015bci! Oferujemy szeroki wyb\u00f3r kolor\u00f3w malowania proszkowego oraz 10 lat gwarancji od QUALICOAT, a tak\u017ce niezwyk\u0142e efektowne wyko\u0144czenie Wood Effect imituj\u0105ce drewno.<\/p>\n<\/div><\/section><\/div><div class=\"flex_column av_one_half  av-animated-generic bottom-to-top  flex_column_div av-zero-column-padding first  avia-builder-el-14  el_after_av_one_full  el_before_av_one_half  column-top-margin\" style='border-radius:0px; '><p><div  style='padding-bottom:0px; ' class='av-special-heading av-special-heading-h2  blockquote modern-quote  avia-builder-el-15  el_before_av_hr  avia-builder-el-first  '><h2 class='av-special-heading-tag '  itemprop=\"headline\"  >\u0141atwe w utrzymaniu<\/h2><div class='special-heading-border'><div class='special-heading-inner-border' ><\/div><\/div><\/div><br \/>\n<div  style=' margin-top:10px; margin-bottom:10px;'  class='hr hr-custom hr-left hr-icon-no   avia-builder-el-16  el_after_av_heading  el_before_av_textblock '><span class='hr-inner  inner-border-av-border-fat' style=' width:50px; border-color:#efbb20;' ><span class='hr-inner-style'><\/span><\/span><\/div><br \/>\n<section class=\"av_textblock_section \"  itemscope=\"itemscope\" itemtype=\"https:\/\/schema.org\/CreativeWork\" ><div class='avia_textblock  '   itemprop=\"text\" ><p>Nasze produkty projektowane s\u0105 r\u00f3wnie\u017c pod k\u0105tem zapewnienia bezobs\u0142ugowo\u015bci oraz d\u0142ugowieczno\u015bci. Dzi\u0119ki szczeg\u00f3lnym w\u0142a\u015bciwo\u015bciom aluminium oraz wysokiej trwa\u0142o\u015bci zastosowanego wyko\u0144czenia, estetyczny wygl\u0105d bram i ogrodze\u0144 zagwarantowany jest na wiele lat.<\/p>\n<\/div><\/section><\/p><\/div><div class=\"flex_column av_one_half  av-animated-generic bottom-to-top  flex_column_div av-zero-column-padding   avia-builder-el-18  el_after_av_one_half  el_before_av_one_full  column-top-margin\" style='border-radius:0px; '><p><div  style='padding-bottom:0px; ' class='av-special-heading av-special-heading-h2  blockquote modern-quote  avia-builder-el-19  el_before_av_hr  avia-builder-el-first  '><h2 class='av-special-heading-tag '  itemprop=\"headline\"  >Ekologia ma znaczenie<\/h2><div class='special-heading-border'><div class='special-heading-inner-border' ><\/div><\/div><\/div><br \/>\n<div  style=' margin-top:10px; margin-bottom:10px;'  class='hr hr-custom hr-left hr-icon-no   avia-builder-el-20  el_after_av_heading  el_before_av_textblock '><span class='hr-inner  inner-border-av-border-fat' style=' width:50px; border-color:#efbb20;' ><span class='hr-inner-style'><\/span><\/span><\/div><br \/>\n<section class=\"av_textblock_section \"  itemscope=\"itemscope\" itemtype=\"https:\/\/schema.org\/CreativeWork\" ><div class='avia_textblock  '   itemprop=\"text\" ><p>Coraz istotniejszym staje si\u0119 wybieranie produkt\u00f3w, kt\u00f3re cechuje ekologiczne zr\u00f3wnowa\u017cenie. Aluminium mo\u017ce pochwali\u0107 si\u0119 jednym z najwy\u017cszych wsp\u00f3\u0142czynnik\u00f3w mo\u017cliwo\u015bci powt\u00f3rnego przetworzenia spo\u015br\u00f3d metali \u2013 ramy i ogrodzenia Aluminco s\u0105 w 100% zdatne do recyklingu, co zmniejsza ich negatywny wp\u0142yw na \u015brodowisko naturalne.<\/p>\n<\/div><\/section><\/p><\/div><div class=\"flex_column av_one_full  flex_column_div av-zero-column-padding first  avia-builder-el-22  el_after_av_one_half  avia-builder-el-last  column-top-margin\" style='border-radius:0px; '><div  class='avia-button-wrap avia-button-center  avia-builder-el-23  avia-builder-el-no-sibling ' ><a href='https:\/\/bezop.eu\/bramyiogrodzenia.pdf'  class='avia-button  avia-color-dark   avia-icon_select-yes-left-icon avia-size-large avia-position-center '  target=\"_blank\"  rel=\"noopener noreferrer\"  ><span class='avia_button_icon avia_button_icon_left ' aria-hidden='true' data-av_icon='\ue84e' data-av_iconfont='entypo-fontello'><\/span><span class='avia_iconbox_title' >Pobierz katalog<\/span><\/a><\/div><\/div><\/p>\n","protected":false},"excerpt":{"rendered":"","protected":false},"author":1,"featured_media":0,"parent":25,"menu_order":0,"comment_status":"closed","ping_status":"closed","template":"","meta":{"footnotes":""},"class_list":["post-140","page","type-page","status-publish","hentry"],"_links":{"self":[{"href":"https:\/\/bezop.eu\/index.php\/wp-json\/wp\/v2\/pages\/140","targetHints":{"allow":["GET"]}}],"collection":[{"href":"https:\/\/bezop.eu\/index.php\/wp-json\/wp\/v2\/pages"}],"about":[{"href":"https:\/\/bezop.eu\/index.php\/wp-json\/wp\/v2\/types\/page"}],"author":[{"embeddable":true,"href":"https:\/\/bezop.eu\/index.php\/wp-json\/wp\/v2\/users\/1"}],"replies":[{"embeddable":true,"href":"https:\/\/bezop.eu\/index.php\/wp-json\/wp\/v2\/comments?post=140"}],"version-history":[{"count":7,"href":"https:\/\/bezop.eu\/index.php\/wp-json\/wp\/v2\/pages\/140\/revisions"}],"predecessor-version":[{"id":504,"href":"https:\/\/bezop.eu\/index.php\/wp-json\/wp\/v2\/pages\/140\/revisions\/504"}],"up":[{"embeddable":true,"href":"https:\/\/bezop.eu\/index.php\/wp-json\/wp\/v2\/pages\/25"}],"wp:attachment":[{"href":"https:\/\/bezop.eu\/index.php\/wp-json\/wp\/v2\/media?parent=140"}],"curies":[{"name":"wp","href":"https:\/\/api.w.org\/{rel}","templated":true}]}}