{"id":138,"date":"2015-10-22T15:31:54","date_gmt":"2015-10-22T13:31:54","guid":{"rendered":"http:\/\/test.kriesi.at\/construction\/?page_id=138"},"modified":"2022-10-24T09:13:36","modified_gmt":"2022-10-24T07:13:36","slug":"klasyczne","status":"publish","type":"page","link":"https:\/\/bezop.eu\/index.php\/produkty\/klasyczne\/","title":{"rendered":"Balustrady aluminiowe klasyczne"},"content":{"rendered":"<p><div   data-size='featured_large'  data-lightbox_size='large'  data-animation='fade'  data-conditional_play=''  data-ids='370,389'  data-video_counter='0'  data-autoplay='true'  data-bg_slider='false'  data-slide_height=''  data-handle='av_slideshow'  data-interval='5'  data-class=' avia-builder-el-0  el_before_av_one_full  avia-builder-el-first  '  data-el_id=''  data-css_id=''  data-scroll_down=''  data-control_layout='av-control-hidden'  data-custom_markup=''  data-perma_caption=''  data-autoplay_stopper=''  data-image_attachment=''  data-min_height='0px'  data-lazy_loading='disabled'  data-default-height='42'  class='avia-slideshow avia-slideshow-1  av-control-hidden av-default-height-applied avia-slideshow-featured_large av_slideshow  avia-builder-el-0  el_before_av_one_full  avia-builder-el-first   avia-fade-slider '  itemprop=\"image\" itemscope=\"itemscope\" itemtype=\"https:\/\/schema.org\/ImageObject\" ><ul class='avia-slideshow-inner ' style='padding-bottom: 42%;' ><li  class=' slide-1 ' ><div data-rel='slideshow-1' class='avia-slide-wrap '   ><img decoding=\"async\" class=\"wp-image-370 avia-img-lazy-loading-not-370\"  src=\"https:\/\/bezop.eu\/wp-content\/uploads\/2021\/03\/erotas-1500x630.jpg\" width=\"1500\" height=\"630\" title='erotas' alt=''  itemprop=\"thumbnailUrl\"   \/><\/div><\/li><li  class=' slide-2 ' ><div data-rel='slideshow-1' class='avia-slide-wrap '   ><img decoding=\"async\" class=\"wp-image-389 avia-img-lazy-loading-not-389\"  src=\"https:\/\/bezop.eu\/wp-content\/uploads\/2021\/03\/classic-1500x630.jpg\" width=\"1500\" height=\"630\" title='classic' alt=''  itemprop=\"thumbnailUrl\"   \/><\/div><\/li><\/ul><div class='avia-slideshow-arrows avia-slideshow-controls'><a href='#prev' tabindex='-1' class='prev-slide' aria-hidden='true' data-av_icon='\ue87c' data-av_iconfont='entypo-fontello'>Previous<\/a><a href='#next' tabindex='-1' class='next-slide' aria-hidden='true' data-av_icon='\ue87d' data-av_iconfont='entypo-fontello'>Next<\/a><\/div><div class='avia-slideshow-dots avia-slideshow-controls'><a href='#1' class='goto-slide active' >1<\/a><a href='#2' class='goto-slide ' >2<\/a><\/div><\/div><br \/>\n<div class=\"flex_column av_one_full  av-animated-generic bottom-to-top  flex_column_div av-zero-column-padding first  avia-builder-el-1  el_after_av_slideshow  el_before_av_one_half  \" style='margin-top:0px; margin-bottom:0px; border-radius:0px; '><p><div  style='padding-bottom:0px; ' class='av-special-heading av-special-heading-h2  blockquote modern-quote  avia-builder-el-2  el_before_av_hr  avia-builder-el-first  '><h2 class='av-special-heading-tag '  itemprop=\"headline\"  >Balustrady klasyczne &#8211; Classic Line<\/h2><div class='special-heading-border'><div class='special-heading-inner-border' ><\/div><\/div><\/div><br \/>\n<div  style=' margin-top:10px; margin-bottom:10px;'  class='hr hr-custom hr-left hr-icon-no   avia-builder-el-3  el_after_av_heading  avia-builder-el-last '><span class='hr-inner  inner-border-av-border-fat' style=' width:50px; border-color:#efbb20;' ><span class='hr-inner-style'><\/span><\/span><\/div><\/p><\/div><br \/>\n<div class=\"flex_column av_one_half  av-animated-generic bottom-to-top  flex_column_div av-zero-column-padding first  avia-builder-el-4  el_after_av_one_full  el_before_av_one_half  column-top-margin\" style='margin-top:0px; margin-bottom:0px; border-radius:0px; '><section class=\"av_textblock_section \"  itemscope=\"itemscope\" itemtype=\"https:\/\/schema.org\/CreativeWork\" ><div class='avia_textblock  '   itemprop=\"text\" ><p>Wychodz\u0105c naprzeciw potrzebom mi\u0119dzynarodowej spo\u0142eczno\u015bci architekt\u00f3w, designer\u00f3w, in\u017cynier\u00f3w, ekspert\u00f3w budowlanych oraz wykonawc\u00f3w, ALUMINCO przygotowa\u0142o wyczerpuj\u0105c\u0105 gam\u0119 aluminiowych rozwi\u0105za\u0144 architektonicznych, kt\u00f3re s\u0105 innowacyjne, energetycznie wydajne i zr\u00f3wnowa\u017cone. Stanowi\u0105 one uciele\u015bnienie najwy\u017cszej jako\u015bci, funkcjonalno\u015bci i wsp\u00f3\u0142czesnych standard\u00f3w projektowych.<\/p>\n<p>ALUMINCO jest sp\u00f3\u0142k\u0105 posiadaj\u0105c\u0105 certyfikaty ISO 9001 i ISO 14001, akredytowan\u0105 przez QUALICOAT SEASIDE CLASS, za\u015b wszystkie oferowane przez ni\u0105 produkty s\u0105 certyfikowane przez mi\u0119dzynarodowe organizacje ze wzgl\u0119du na swoje wyj\u0105tkowe w\u0142a\u015bciwo\u015bci, jedna kwestia przewa\u017ca nad innymi: poczucie odpowiedzialno\u015bci.<\/p>\n<\/div><\/section><\/div><br \/>\n<div class=\"flex_column av_one_half  av-animated-generic bottom-to-top  flex_column_div av-zero-column-padding   avia-builder-el-6  el_after_av_one_half  el_before_av_one_half  column-top-margin\" style='margin-top:0px; margin-bottom:0px; border-radius:0px; '><section class=\"av_textblock_section \"  itemscope=\"itemscope\" itemtype=\"https:\/\/schema.org\/CreativeWork\" ><div class='avia_textblock  '   itemprop=\"text\" ><p>Nasza kolekcja w stylu klasycznym jest owocem ponad 35 lat do\u015bwiadczenia w bran\u017cy. Od budynk\u00f3w komercyjnych po zr\u00f3\u017cnicowane stylistyki rodzinnych rezydencji, ka\u017cda realizacja to prawdziwe dzie\u0142o sztuki. Odkryj pe\u0142en wachlarz naszych propozycji zakotwiczonych w tradycji dzi\u0119ki kolekcjom CLS, ALFLEX oraz PSATHA, gwarantuj\u0105cych trwa\u0142o\u015b\u0107 i jako\u015b\u0107. Niesko\u0144czone mo\u017cliwo\u015bci konfiguracji, kt\u00f3re wsp\u00f3\u0142tworz\u0105 niezapomniane do\u015bwiadczenia definiuj\u0105ce zewn\u0119trzn\u0105 przestrze\u0144 Twojego domu. W przypadku balustrad liczy si\u0119 nie tylko estetyka ale r\u00f3wnie\u017c bezpiecze\u0144stwo.<\/p>\n<p>Wyprodukowane z mocnego aluminium, elementy sk\u0142adaj\u0105ce si\u0119 na konstrukcj\u0119 balustrad ALUMINCO s\u0105 specjalnie zaprojektowane i nie wymagaj\u0105 spawania podczas monta\u017cu. Dost\u0119pne s\u0105 s\u0142upki w trzech rozmiarach: 40\u00d740, 80\u00d780 oraz 64\u00d712. Istnieje r\u00f3wnie\u017c mo\u017cliwo\u015b\u0107 zamocowania s\u0142upk\u00f3w bezpo\u015brednio w betonie, bez konieczno\u015bci stosowania stopy monta\u017cowej. Nasze balustrady zapewniaj\u0105 wiele lat praktycznie bezobs\u0142ugowej funkcjonalno\u015bci dzi\u0119ki wyko\u0144czeniu trwa\u0142ym malowaniem proszkowym.<\/p>\n<\/div><\/section><\/div><br \/>\n<div class=\"flex_column av_one_half  av-animated-generic bottom-to-top  flex_column_div av-zero-column-padding first  avia-builder-el-8  el_after_av_one_half  el_before_av_one_half  column-top-margin\" style='border-radius:0px; '><p><div  style='padding-bottom:0px; ' class='av-special-heading av-special-heading-h2  blockquote modern-quote  avia-builder-el-9  el_before_av_hr  avia-builder-el-first  '><h2 class='av-special-heading-tag '  itemprop=\"headline\"  >Planeta Warta Zachodu<\/h2><div class='special-heading-border'><div class='special-heading-inner-border' ><\/div><\/div><\/div><br \/>\n<div  style=' margin-top:10px; margin-bottom:10px;'  class='hr hr-custom hr-left hr-icon-no   avia-builder-el-10  el_after_av_heading  el_before_av_textblock '><span class='hr-inner  inner-border-av-border-fat' style=' width:50px; border-color:#efbb20;' ><span class='hr-inner-style'><\/span><\/span><\/div><br \/>\n<section class=\"av_textblock_section \"  itemscope=\"itemscope\" itemtype=\"https:\/\/schema.org\/CreativeWork\" ><div class='avia_textblock  '   itemprop=\"text\" ><p>W ramach akcji <strong>\u201cPlaneta Warta Zachodu\u201d<\/strong> ALUMINCO pracuje nad kszta\u0142towaniem odpowiedzialnej ekologicznie przysz\u0142o\u015bci poprzez wprowadzanie innowacji, tworzenie przyjaznych naturze produkt\u00f3w i proces\u00f3w produkcyjnych, ograniczanie emisji dwutlenku w\u0119gla oraz stosowanie bardziej skutecznych metod recyklingu.<\/p>\n<\/div><\/section><\/p><\/div><br \/>\n<div class=\"flex_column av_one_half  av-animated-generic bottom-to-top  flex_column_div av-zero-column-padding   avia-builder-el-12  el_after_av_one_half  el_before_av_one_third  column-top-margin\" style='border-radius:0px; '><div  class='avia-image-container  av-styling-no-styling    avia-builder-el-13  avia-builder-el-no-sibling  avia-align-center '  itemprop=\"image\" itemscope=\"itemscope\" itemtype=\"https:\/\/schema.org\/ImageObject\"  ><div class='avia-image-container-inner'><div class='avia-image-overlay-wrap'><img decoding=\"async\" class='wp-image-390 avia-img-lazy-loading-not-390 avia_image' src=\"https:\/\/bezop.eu\/wp-content\/uploads\/2021\/03\/classic3-300x300.jpg\" alt='' title='classic3' height=\"300\" width=\"300\"  itemprop=\"thumbnailUrl\" srcset=\"https:\/\/bezop.eu\/wp-content\/uploads\/2021\/03\/classic3-300x300.jpg 300w, https:\/\/bezop.eu\/wp-content\/uploads\/2021\/03\/classic3-1030x1030.jpg 1030w, https:\/\/bezop.eu\/wp-content\/uploads\/2021\/03\/classic3-80x80.jpg 80w, https:\/\/bezop.eu\/wp-content\/uploads\/2021\/03\/classic3-768x768.jpg 768w, https:\/\/bezop.eu\/wp-content\/uploads\/2021\/03\/classic3-1536x1536.jpg 1536w, https:\/\/bezop.eu\/wp-content\/uploads\/2021\/03\/classic3-2048x2048.jpg 2048w, https:\/\/bezop.eu\/wp-content\/uploads\/2021\/03\/classic3-36x36.jpg 36w, https:\/\/bezop.eu\/wp-content\/uploads\/2021\/03\/classic3-180x180.jpg 180w, https:\/\/bezop.eu\/wp-content\/uploads\/2021\/03\/classic3-1500x1500.jpg 1500w, https:\/\/bezop.eu\/wp-content\/uploads\/2021\/03\/classic3-705x705.jpg 705w\" sizes=\"(max-width: 300px) 100vw, 300px\" \/><\/div><\/div><\/div><\/div><br \/>\n<div class=\"flex_column av_one_third  flex_column_div av-zero-column-padding first  avia-builder-el-14  el_after_av_one_half  el_before_av_one_third  column-top-margin\" style='border-radius:0px; '><div  class='avia-button-wrap avia-button-center  avia-builder-el-15  avia-builder-el-no-sibling ' ><a href='https:\/\/bezop.eu\/ALUMICO%20klasyczna%20linia%20balustrad.pdf'  class='avia-button  avia-color-dark   avia-icon_select-yes-left-icon avia-size-large avia-position-center '  target=\"_blank\"  rel=\"noopener noreferrer\"  ><span class='avia_button_icon avia_button_icon_left ' aria-hidden='true' data-av_icon='\ue84e' data-av_iconfont='entypo-fontello'><\/span><span class='avia_iconbox_title' >Pobierz katalog<\/span><\/a><\/div><\/div><br \/>\n<div class=\"flex_column av_one_third  flex_column_div av-zero-column-padding   avia-builder-el-16  el_after_av_one_third  el_before_av_one_third  column-top-margin\" style='border-radius:0px; '><div  class='avia-button-wrap avia-button-center  avia-builder-el-17  avia-builder-el-no-sibling ' ><a href='https:\/\/bezop.eu\/index.php\/kontakt\/'  class='avia-button  avia-color-dark   avia-icon_select-yes-left-icon avia-size-large avia-position-center '   ><span class='avia_button_icon avia_button_icon_left ' aria-hidden='true' data-av_icon='\ue836' data-av_iconfont='entypo-fontello'><\/span><span class='avia_iconbox_title' >Skontaktuj si\u0119 z nami!<\/span><\/a><\/div><\/div><br \/>\n<div class=\"flex_column av_one_third  flex_column_div av-zero-column-padding   avia-builder-el-18  el_after_av_one_third  avia-builder-el-last  column-top-margin\" style='border-radius:0px; '><\/div><\/p>\n","protected":false},"excerpt":{"rendered":"","protected":false},"author":1,"featured_media":0,"parent":25,"menu_order":0,"comment_status":"closed","ping_status":"closed","template":"","meta":{"footnotes":""},"class_list":["post-138","page","type-page","status-publish","hentry"],"_links":{"self":[{"href":"https:\/\/bezop.eu\/index.php\/wp-json\/wp\/v2\/pages\/138","targetHints":{"allow":["GET"]}}],"collection":[{"href":"https:\/\/bezop.eu\/index.php\/wp-json\/wp\/v2\/pages"}],"about":[{"href":"https:\/\/bezop.eu\/index.php\/wp-json\/wp\/v2\/types\/page"}],"author":[{"embeddable":true,"href":"https:\/\/bezop.eu\/index.php\/wp-json\/wp\/v2\/users\/1"}],"replies":[{"embeddable":true,"href":"https:\/\/bezop.eu\/index.php\/wp-json\/wp\/v2\/comments?post=138"}],"version-history":[{"count":11,"href":"https:\/\/bezop.eu\/index.php\/wp-json\/wp\/v2\/pages\/138\/revisions"}],"predecessor-version":[{"id":582,"href":"https:\/\/bezop.eu\/index.php\/wp-json\/wp\/v2\/pages\/138\/revisions\/582"}],"up":[{"embeddable":true,"href":"https:\/\/bezop.eu\/index.php\/wp-json\/wp\/v2\/pages\/25"}],"wp:attachment":[{"href":"https:\/\/bezop.eu\/index.php\/wp-json\/wp\/v2\/media?parent=138"}],"curies":[{"name":"wp","href":"https:\/\/api.w.org\/{rel}","templated":true}]}}